(3/w). Let n(q) = q**3 - 7*q**2 + 4*q + 7. Give n(z).
-5
Let c(h) = h**3 + h**2 - h - 2. Let x be c(-2). Let s(n) = -n + 5. Let f be s(0). Let o(b) = f*b + b - 1 - 2*b + b**2. Determine o(x).
-1
Let v be (6/(-12))/((-1)/(-14)). Let j(r) = r**3 + 8*r**2 + 5*r - 7. Calculate j(v).
7
Let u(f) be the first derivative of -f + 4 - 5*f**2 - 1/6*f**3. Let s(k) be the first derivative of u(k). Calculate s(0).
-10
Suppose 4*d = 14 - 6. Let z(i) = 3 - 2*i**2 + 3*i**2 - d*i**2 + 3*i + 3*i. Suppose 4*w - 20 = -2*g, -3*w + 2*g + 3*g + 15 = 0. What is z(w)?
8
Let y(a) be the first derivative of a**2/2 - 3*a + 17. What is y(6)?
3
Let u(a) = 3*a**2 - 5*a + 9. Let c(t) = -7*t**2 + 9*t - 19. Let k(w) = -2*c(w) - 5*u(w). What is k(7)?
-7
Let f(d) be the second derivative of 1/4*d**5 + 0*d**4 + 1/6*d**3 + 3*d + 0*d**2 + 0. Give f(1).
6
Let u(x) = -x**2 - 7*x + 4. Let d(i) = -i**2 - 1. Suppose -4*h - 12 = 2*p + 6, -h - 5 = 0. Let w(m) = p*u(m) - 2*d(m). What is w(5)?
-4
Let t be (-10)/15 - 11/(-3). Let a = 3 - 1. Let k(l) = l + 4 + 0 - a*l. Determine k(t).
1
Let f(d) = d**2 - 6*d + 2. Suppose 0 = -3*k + 6 + 3. Suppose -4*t = k*x - 3 + 2, 5*x = -3*t - 2. Suppose -3*n - t - 3 = -4*p, -3*p - n = -16. Give f(p).
-6
Let s(y) = 3*y - 7. Let o(n) = 7*n - 16. Let a(m) = -2*o(m) + 5*s(m). Calculate a(4).
1
Let w(h) = -6 - 2*h + 3*h - 7 - 2*h. Let m = -30 + 21. Let l be w(m). Let r(k) = k**2 + 4*k + 3. Give r(l).
3
Let f(d) be the third derivative of d**4/24 + d**3/6 + 8*d**2. What is f(-2)?
-1
Suppose -5*u + 11 = -14. Let h(x) be the first derivative of -x**4/4 + 2*x**3 - 2*x**2 + 2*x - 19. Give h(u).
7
Let j(c) = -c**2 + 2*c - 1. Let a be -2 + 1 - (16 - -1). Let x = -16 - a. What is j(x)?
-1
Let j(x) = -7 - x + 28 - 13. Give j(8).
0
Let r be 2/10 - (-203)/35. Let g(j) = j**2 - 6*j + 2. Calculate g(r).
2
Suppose -4*u + 3 = -3*u - i, -2*u - i = -3. Let g(b) = b**2 + 2*b - 3. Determine g(u).
5
Let b(t) = -6*t - 1. Let q(p) = p**2 - 7*p. Let g(d) = -3*b(d) + 2*q(d). Suppose -29 - 22 = -n. Let m be (-2)/4 - n/34. Calculate g(m).
3
Suppose -4*o + 23 = -2*z + 7, -2*o = 4*z + 12. Let x(h) = 0 + h**o + 3 + 3*h + 0. Suppose 4 = -4*g - 8. Calculate x(g).
3
Let l(w) be the third derivative of -w**4/6 + w**3/6 + 14*w**2. Give l(-1).
5
Let o(t) = -t**2 - 2*t + 2. Let a = -5 - -5. Let d(b) = b**3 + b + 6. Let z be d(a). Suppose u - 10 = z*u. Calculate o(u).
2
Let u(b) = -3*b**3 - 3*b**2 - 5*b - 2. Let h(l) = -16*l**3 - 14*l**2 - 26*l - 10. Let w(k) = 2*h(k) - 11*u(k). Let x = -6 + 2. Determine w(x).
6
Let z(i) = i + 2. Suppose 1 - 16 = -5*y. Give z(y).
5
Suppose 4*l = 70 - 10. Suppose 3*p - 3*x = -l, 4*p - x + 0*x + 11 = 0. Let b(o) = -o**3 - 2*o**2 + 2. Let n be b(p). Let c(h) = -4*h + 1. Determine c(n).
-7
Let z = -7 + 10. Suppose -1 = -o + z. Let b(j) = -j**2 + 2*j + 4. What is b(o)?
-4
Let d(o) be the third derivative of o**4/8 - o**3/6 - o**2. Let m = 2 + -1. Calculate d(m).
2
Let s(n) = 2 + 1 - 1 + 3*n - 1. Give s(1).
4
Suppose -4*l + 2*l - 6 = 0. Let k be 1/l + (-8)/(-6). Suppose 2 = j - k. Let q(o) = 2*o. What is q(j)?
6
Let v(w) = w**2 - 5*w - 2. Suppose i - 5 = -0. Let p be v(i). Let z be (-1)/1*1 + p. Let u(g) = 2*g + 3. Determine u(z).
-3
Let a(c) = -4*c**3 - c**2 + 4*c + 2. Let y(r) = -5*r**3 - r**2 + 5*r + 2. Let j(d) = -4*a(d) + 3*y(d). Determine j(0).
-2
Let s(c) be the third derivative of 0*c + 1/120*c**6 + 1/3*c**4 + 0 - c**2 + 7/60*c**5 + 5/6*c**3. What is s(-6)?
-7
Let b(h) be the second derivative of h**5/20 + h**4/4 + h**3/2 - 3*h**2/2 - 4*h. Give b(-3).
-12
Let n(j) be the first derivative of -5 - 9*j + 9/2*j**2 + 1/4*j**4 - 7/3*j**3. Calculate n(6).
9
Let t be (-2)/(-4) + 55/(-10). Let s(l) = -2*l - 7. Give s(t).
3
Let o(k) = k**3 - 5*k**2 + 5*k + 3. Suppose 4 = -13*y + 14*y. Give o(y).
7
Let p(z) be the first derivative of -1/2*z**2 + z + 1. Let j(i) = 4*i - 10. Let k be j(4). Calculate p(k).
-5
Suppose 3*y - 2 = 7. Suppose 0*l = -y*l. Suppose g = -3*w - l*g, 0 = 2*g. Let x(q) = -q**2 + q + 6. Determine x(w).
6
Let h(o) = o - 11. Let d be h(15). Let j(q) = -q**3 + 3*q**2 + 4*q - 1. Determine j(d).
-1
Let h(z) = -3*z + 6. Let u be h(4). Let k(s) = s**2 + 4*s - 1. Calculate k(u).
11
Let m(h) = 3*h + 1. Suppose 0 = 3*k + 5*s + 23, -25 = 5*k - 2*s + 7*s. What is m(k)?
-2
Let x(n) = 2 + 3*n**3 + 0*n**3 - n**2 - 2*n**3 + 5*n**2. Give x(-4).
2
Let t(d) = -d - 8. Let n be t(-8). Let s(u) = -u + n*u - 15 + 2. What is s(0)?
-13
Let t(s) = 5*s + 2. Let z be (-2)/(0 + (-8)/36). Suppose 0 = 6*o - z*o - 6. Give t(o).
-8
Let h(o) = -o**3 - 3*o**2 - 2*o - 4. Let a be ((6/(-4))/(5/(-10)))/(-1). Give h(a).
2
Let u be 3 + 16/4 + 0. Let m(z) = -5*z + u*z + 2*z + 3*z. Calculate m(2).
14
Let i(q) = -q**3 + 4*q**2 - 5*q + 4. Let m = 21 - 18. Determine i(m).
-2
Suppose -4 = -5*p + 3*p. Let o(i) = -16*i**2 + 12*i - 13. Let n(h) = 11*h**2 - 8*h + 9. Let z be -2*(-10)/(-8)*2. Let b(a) = z*o(a) - 7*n(a). Determine b(p).
6
Let z(t) = -2 - t + 4 + 1. Suppose 2*b + b = 3. Let m be (2 + 3)/b - 2. What is z(m)?
0
Let m(d) = d. Let c(r) = -8*r - 6. Let b(k) = c(k) + 3*m(k). What is b(-4)?
14
Let x(k) = 7*k**2 - 7*k - 2. Let a(j) = -3*j**2 + 4*j + 1. Let r(m) = -5*a(m) - 3*x(m). Determine r(2).
-21
Let o(l) = -l**3 - 4*l**2 - 2*l - 1. Suppose 5*d - 3*m + 945 = 0, 0*m - 25 = 5*m. Let v be 2/(-6) - d/9. Suppose 1 = -5*w + v, -5*h - 3 = 3*w. Give o(h).
-4
Suppose 5*n = 3*n. Suppose -w - w + 4*m = -2, -w - 2 = m. Let g(v) = v**3 - v - 1. Let f(z) = 2*z**3 - z**2 - 2*z - 4. Let u(o) = w*g(o) + f(o). Determine u(n).
-3
Let o(n) = -n**3 + 7*n**2 - 7*n + 4. Let z = 91 - 85. Give o(z).
-2
Let l = 5 + -3. Let h(t) = l + 0*t - 1 - 3 + 3*t. Let o be (-2)/(-3) + (-4)/(-3). Give h(o).
4
Let t(l) = -l**2 - 2*l - 2. Let m = 12 - 5. Let h(v) = -3*v - 25. Let n be h(-10). Suppose -m*g = -n*g + 4. What is t(g)?
-2
Let m(b) = -b - 4. Let l be m(0). Let k(w) = -w**2 + 1. Let c(p) = -5*p**2 - 5*p - 1. Let o(s) = l*k(s) + c(s). Suppose -i - 2 = 3. Give o(i).
-5
Let w(r) be the second derivative of r**5/20 + r**4/3 + r**3/6 + r**2 + r. Let k be -2*(-3)/6 - 60/15. Give w(k).
8
Let m(y) = -y**3 + 8*y**2 - 4. Suppose 4*q - 4*o = -0*q + 28, 35 = 4*q + 3*o. Give m(q).
-4
Let t(s) = s - 1. Let y(o) = 3*o + 4. Let l(j) = -2*t(j) + y(j). Calculate l(-5).
1
Let p be (2 - -4)/(-2) + 0. Let l(c) = 3*c**2 - 8*c - 5. Let s(k) = -k**2 + 3*k + 2. Let f(y) = 6*l(y) + 17*s(y). Give f(p).
4
Let c(r) = 2*r - 1. Let f(b) = -b - 2. Let o(g) = -2*g - 5. Let x(u) = -9*f(u) + 4*o(u). Let h be x(0). Calculate c(h).
-5
Let r = 5 - 0. Suppose 0 = -5*l - r. Let w = l - 1. Let c(t) = t**3 - t + 2. Give c(w).
-4
Let r(h) = 6 + h**3 - 3*h - 3*h**2 + 2*h**2 - 9. Suppose 0 = 5*s - l + 7, 5*l + 0 + 23 = -4*s. Give r(s).
-9
Let x(g) = -g**2 - 3*g + 1. Suppose 10 = f + 4*l, 6*f - 3*f - 8 = -l. Calculate x(f).
-9
Let b be 0*(14/4 + -3). Let z = b - -3. Suppose -z*v + 0*v - 9 = 0. Let i(k) = -k**2 - 4*k - 4. Calculate i(v).
-1
Let w(g) be the first derivative of 0*g**2 - g + 3*g**2 - 1 - 3*g**2 + 4*g**2. Give w(-2).
-17
Let s(m) = m**3 - 7*m**2 - 8*m + 5. Let j(w) = w**2 + 7*w. Let z be j(-8). What is s(z)?
5
Let y(d) = -6346 - d + 7*d + 2*d**2 + 6342 - 3*d**2. Give y(4).
4
Suppose 5*d - k = -8 - 2, 2*d + 2*k = -16. Suppose -4*o + 3*o + 10 = 4*h, -o = -5*h - 1. Let b(u) = u - 2*u**2 + 6 + 3*u**2 - o. Give b(d).
6
Let c(n) = n + 7. Let d be c(-13). Let s(m) = m**3 + 5*m**2 - 6*m + 2. Calculate s(d).
2
Let a(g) = g**2 + 5*g + 3. Suppose 4*t + 4*j = -80, 4*t - 3*t = 4*j - 30. Let q = -25 - t. Give a(q).
-3
Let h be 5*(-1 - (1 - 1)). Let v(r) = -r + r**2 - 6*r**2 - 2 - r**3 + r. Determine v(h).
-2
Let b(u) = u. Let t(j) = -2*j**3 + 2*j**2 + 1. Let o(n) = b(n) - t(n). What is o(2)?
9
Suppose -1 + 13 = 4*m. Let o(k) = -6*k + 4*k - k**2 + 3*k + 0*k**2. What is o(m)?
-6
Let p = -2 + 4. Let d = 3 - p. Let m(u) = 4*u**2 - 1. Calculate m(d).
3
Let x be (-2)/(-2) + -1 + 2. Let q = 2 - x. Let r(m) = -m**2 + 7. What is r(q)?
7
Let g = -36 + 26. Let f be ((-72)/(-40))/((-3)/g). Let v(b) = 3*b - 6. Calculate v(f).
12
Suppose -42 = -d + 3*d. Let h be 33/(-7) - (-6)/d. Let s(b) = -2*b - 3 - 2*b + 3*b. What is s(h)?
2
Let q be (3/(-2))/((-57)/266). Let w(a) = -a**3 + 6*a**2 + 5*a + 2. Calculate w(q).
-12
Let z(s) = 0*s + 3 - 5 - s + 4. Let f(a) = -3*a + 3*a - a. Let h be 